 3*u, q = w. Suppose u*r = -2*r + 7554. Is r prime?
False
Suppose -x - 2*l = -273129, -4*x - 2*l - 674622 + 1767144 = 0. Is x a prime number?
True
Let j(r) = -r**3 - 2*r**2 - 7*r + 5. Let t be j(-3). Is 22838/14 + (-10)/t a prime number?
False
Suppose 2*p = 7*p - 15. Let j(b) be the second derivative of 125*b**3/6 - 14*b**2 - 116*b. Is j(p) a prime number?
True
Suppose -823025 = 3*m - 11*m + 531071. Is m a prime number?
False
Let h(m) = m**3 + 18*m**2 - 8*m + 38. Let p be h(-11). Let z = p - -462. Suppose -i + z = 6*i. Is i a composite number?
True
Is (1464897 - (20 - 18)) + 1*16/4 a composite number?
False
Let p(o) = -157*o + 1547. Is p(-72) prime?
False
Let f(a) = 1853*a**2 + 24*a + 158. Is f(-5) prime?
False
Is ((-300)/200)/((-2)/149428) composite?
True
Suppose 3 = -5*h + 43. Let w(m) = -m**2 + 10*m - 12. Let d be w(h). Suppose 861 - 9019 = -5*u - z, d*u - z = 6521. Is u a composite number?
True
Let h = 1252 - -3457. Is h composite?
True
Let r = 21587 - -10658. Is r composite?
True
Let j(d) = 20*d**2 - 5*d + 26. Let s = -318 + 325. Is j(s) prime?
True
Let x = 45190 + 125293. Is x prime?
True
Let g(y) be the second derivative of -151*y**3/3 - 13*y**2/2 - 21*y + 1. Is g(-7) a prime number?
False
Let a(k) = 32*k + 17. Let o(d) = 2*d**2 - d + 33. Let b be o(0). Let m be 8/16 + b/6. Is a(m) a composite number?
True
Suppose -25657 = -z - 3*q, -2*z + 77*q - 73*q + 51254 = 0. Is z composite?
False
Let r(k) = -199038*k - 355. Is r(-2) prime?
True
Let w = -24915 + 253816. Is w a prime number?
True
Suppose 2*j = 116*w - 114*w + 182456, -5*j + 2*w = -456143. Is j prime?
True
Is (-6 - -4)*-31343 + -2 + -1 a prime number?
True
Let n be (-8)/(-1)*-8 + (4 - 4). Suppose 4*z - q - 2791 = 0, -4*q + 3470 = 5*z - 9*q. Let y = z + n. Is y composite?
True
Let z = -148 - -168. Suppose -16*i = -z*i + 45620. Is i a prime number?
False
Suppose -60*h + 66*h = s + 2889071, -5*h + 2*s = -2407551. Is h a prime number?
True
Let d = -46970 + 76569. Is d a composite number?
False
Suppose -4*b - 4*j = -16, 0 = 2*b - 6*b + 3*j + 16. Suppose g + b = -3*g. Is 645 - (-4 - 8/g) a prime number?
True
Let z be 153/51*4/6. Suppose -4*h + 18922 = -3*s, 24*h + z*s - 14183 = 21*h. Is h composite?
False
Let g be 138/(-7) - (-2)/(-7). Let v(s) be the second derivative of -s**5/20 - 3*s**4/2 + 23*s**3/6 - 23*s**2/2 + 3*s. Is v(g) a composite number?
False
Suppose 102 = -2*i + 4*v, 2*i + 2*v + 73 = -17. Let y(n) = 4*n**2 - 6*n + 4. Let l be y(6). Let j = l + i. Is j composite?
True
Let r(q) = 28*q**2 - 38*q - 245. Is r(-6) composite?
False
Suppose 0 = 4*y - 4117 - 6115. Let t = y - 904. Is (t + 7 - 5) + 0 + 1 prime?
True
Suppose 26*x = 3979718 + 1866720. Is x prime?
True
Let r be ((-9)/(-12))/((-30)/40). Is -1*(-12)/(-24)*(r + -10941) prime?
True
Let w(l) = 100*l + 150. Let i(m) = 99*m + 151. Let f(x) = -3*i(x) + 2*w(x). Is f(-16) composite?
False
Let o(h) = -h**2 + 10*h + 10. Let v be o(10). Suppose -57416 = -v*r + 2*r. Is r prime?
True
Suppose -j + 4*j = -2*w - 7334, 0 = 4*j - 5*w + 9794. Let g = j - -5711. Is g a prime number?
False
Suppose 0 = o + 3*s + 22, -3*o - 1 = -3*s - s. Let u(f) = -f**3 - 7*f**2 + 5. Let y be u(o). Suppose 1174 = y*m - 3*m. Is m a prime number?
True
Is -5 + (-122398)/(-12) + (-1 - (-112)/96) prime?
False
Let o(t) = -10*t - 1. Let n(d) = 4*d + 2. Let v(k) = -8*n(k) - 3*o(k). Let q be 1/((-42)/(-22) - 2). Is v(q) prime?
False
Let d = -306 - -306. Is 1 + d + 7 + 10637 prime?
False
Suppose 3*c - 3330 + 424 = 5*f, f + 4*c + 572 = 0. Let d be (-130)/(-4)*(-3)/((-75)/f). Let n = 2411 + d. Is n composite?
False
Suppose 4*x - 108767 = 165501. Is x a prime number?
True
Suppose q - 55 = -51. Suppose 3*j = 5*g - 0*g + 1837, 2*g + 2454 = q*j. Let k = -57 + j. Is k a composite number?
False
Let h be 1*(-4 + 12/3). Suppose h = -f + 2 + 2. Suppose f*z - 608 = -0*z + 4*w, 0 = -3*z - 3*w + 474. Is z composite?
True
Suppose 0*a - a = n - 1, -n - 2*a - 1 = 0. Suppose -n*x + 6369 = l - 4148, -l = -x - 10533. Is l a prime number?
True
Let u(f) = -25*f**2 + 18*f + 49. Let w(p) = -p**3 + 25*p**2 - 17*p - 51. Let s(a) = 3*u(a) + 2*w(a). Is s(-23) composite?
True
Suppose -4*u - o + 548123 = 0, -2*o + 1427771 + 1723910 = 23*u. Is u composite?
False
Suppose 15*u - 17*u + 74471 = 3*w, -3*u - 3*w = -111714. Is u composite?
False
Is 123502/(4*((-2 - 4) + (-74)/(-12))) a composite number?
True
Is (45/(-10) - -5 - -2)*142888/20 prime?
False
Let s = -3501 - -7763. Let f = 75319 + -49266. Suppose -s + f = 11*i. Is i a composite number?
True
Suppose -21 = -4*a - 9. Let r be (0 + 0)/(3/a*-1). Suppose 3*y + 2531 = 2*u - 2*y, r = -3*u - 4*y + 3739. Is u a prime number?
False
Let f(c) = 2*c**2 + 32*c + 26. Let d be f(-15). Let m be -526 - (d/(-1))/(-4). Let r = -178 - m. Is r a composite number?
False
Let w(b) = 7*b**3 - 4*b**2 - 4*b - 5. Let p(x) = 2*x**3 - 2*x**2 + x - 2. Let v(k) = p(k) + w(k). Let n = 9 + -3. Is v(n) a prime number?
False
Let j = 1917 - 1126. Suppose -t - 385 = -2*b, -3*b - b + j = 5*t. Let i = b + 68. Is i composite?
True
Let a = 4165444 - 2910503. Is a a composite number?
False
Let k(b) = 7*b. Let d(u) = u - 1. Let p(g) = -d(g) + k(g). Let q be p(7). Let z = 189 - q. Is z a prime number?
False
Let x = 789 + -775. Suppose x*q = 11*q + 6963. Is q composite?
True
Let s = 325 + 1063. Suppose -4*f + s - 228 = 0. Suppose -21 = o - f. Is o a prime number?
True
Suppose -146 - 22 = 6*t. Let h be 1/(7 + -10 - t/10). Let j = 1098 - h. Is j a composite number?
False
Let q(x) = -5*x - 2 + 4 - 13*x**3 + 14*x**3 + 7 - 5*x**2. Let d be q(6). Is -3*5/d*-877 a composite number?
False
Suppose -4*o - 2*j + 256185 + 127989 = 0, -5*o - 4*j = -480219. Is o a prime number?
True
Is (2626454/188)/(1/2) a composite number?
False
Is (-13)/(-39) + ((-5)/5 - 251935/(-15)) a prime number?
False
Suppose -3*m - 24 = -t + 6*t, 2*t + 20 = 4*m. Let p be (27 + t)/((-6)/4). Let d(y) = y + 25. Is d(p) a prime number?
True
Let f be (2/2 - 1) + 8. Let d be (2*(-166)/(-16))/(1/f). Suppose i - 839 = -d. Is i a composite number?
False
Let r(k) = -71*k**3 - k**2 - 21*k + 17. Let t(g) = 72*g**3 + 19*g - 16. Let i(q) = 5*r(q) + 6*t(q). Is i(4) prime?
False
Let w be 30/(-10) - -1*7. Let j be 7 - 160/24 - (-15)/9. Suppose 0*s - 465 = -5*m - w*s, j*s = -m + 99. Is m a prime number?
True
Suppose 43 = -3*k - 5*o, 2*o = -4*k + o - 63. Let q be ((-1124)/k)/(3/36). Suppose 3*z - q = 7740. Is z prime?
True
Suppose 2*n - 4*y = 51690, 63*y = 2*n + 65*y - 51678. Is n composite?
False
Is 1/1*(-33)/132 - (-312154)/8 a prime number?
True
Suppose -18 = -j - 4. Suppose 4*s + 4 = 2*o + j, 12 = 3*s. Suppose o*k = 3*c - 954, 2*c - c = -4*k + 313. Is c a composite number?
False
Let k(r) = 2*r**3 + r**2 - 6*r + 10. Let c be k(2). Is (12/c)/(22/1753851) composite?
False
Is (1287268/8)/((-55)/(-110)) composite?
False
Suppose 2427973 = 4*a - 3*d, -4*a + 2*d = -1768599 - 659379. Is a composite?
False
Suppose -10 = -2*k, -7*r + 42 = -6*r - 3*k. Let p = -14 + r. Is p a composite number?
False
Let y = 33 + -35. Let u be ((-2)/y*-2)/2. Is (-2229)/u - 3*18/27 a prime number?
False
Let m(i) be the first derivative of i**4/4 - 2*i**3/3 - i**2/2 - i + 3. Let g be m(3). Suppose 0 = -4*x + d + 3*d + 12400, d = -g*x + 15470. Is x composite?
True
Let q(i) = -1169*i - 10432. Is q(-61) a composite number?
True
Let o(g) = 4*g - 94. Let h be o(23). Is h/26 + (-662396)/(-91) a composite number?
True
Suppose -67*s - 217742 = -4840288 - 2584175. Is s a prime number?
True
Suppose 4*j - 3*r + 15 = 4, -j + 2*r = 9. Let q = j - 0. Let c(a) = 217*a - 6. Is c(q) a composite number?
False
Suppose 16836 = 14*g - 2*g. Let p be -2 - (0 - (3 + 7)). Suppose g = p*d - 5613. Is d prime?
True
Let v(x) = 173*x**2 + 44*x + 22. Is v(-25) a prime number?
False
Let f(i) = 55*i**2 - 9*i + 3. Let n be 2/(6/(-9))*(-2)/3. Let o be ((-24)/3)/n + 0. Is f(o) prime?
True
Let l = 1431963 + -922144. Is l prime?
False
Let a(w) = -35*w**3 - w**2 - 8*w - 3. Let j = 21 + -24. Let h be a(j). Let i = h - 326. Is i a prime number?
True
Is (-17)/(68/(-24)) + -2 - (-264078)/6 a composite number?
False
Let n(g) = -g - 2. Let w = -41 - -40. Let x be n(w). Is ((-968)/(-24))/(x/(-3)) a prime number?
False
Let u = -265 - -270. Is 2/u - (67788/(-30) + 2) composite?
True
Suppose 0*o = -6*o + 6. Suppose -7*v -